{"id":985,"date":"2023-10-12T09:40:26","date_gmt":"2023-10-12T09:40:26","guid":{"rendered":"http:\/\/localhost\/primariapatrauti\/?page_id=985"},"modified":"2024-11-12T10:32:42","modified_gmt":"2024-11-12T10:32:42","slug":"conducere","status":"publish","type":"page","link":"https:\/\/site.vechi.primariapatrautisv.ro\/?page_id=985","title":{"rendered":"Conducere"},"content":{"rendered":"\t\t<div data-elementor-type=\"wp-page\" data-elementor-id=\"985\" class=\"elementor elementor-985\">\n\t\t\t\t<div class=\"elementor-element elementor-element-24c24aa e-flex e-con-boxed e-con e-parent\" data-id=\"24c24aa\" data-element_type=\"container\" data-settings=\"{&quot;background_background&quot;:&quot;classic&quot;}\">\n\t\t\t\t\t<div class=\"e-con-inner\">\n\t\t\t\t<div class=\"elementor-element elementor-element-0eeab2a elementor-widget elementor-widget-heading\" data-id=\"0eeab2a\" data-element_type=\"widget\" data-widget_type=\"heading.default\">\n\t\t\t\t<div class=\"elementor-widget-container\">\n\t\t\t\t\t<h3 class=\"elementor-heading-title elementor-size-default\">Conducere<\/h3>\t\t\t\t<\/div>\n\t\t\t\t<\/div>\n\t\t\t\t<div class=\"elementor-element elementor-element-dceb3a0 elementor-widget-divider--view-line elementor-widget elementor-widget-divider\" data-id=\"dceb3a0\" data-element_type=\"widget\" data-widget_type=\"divider.default\">\n\t\t\t\t<div class=\"elementor-widget-container\">\n\t\t\t\t\t\t\t<div class=\"elementor-divider\">\n\t\t\t<span class=\"elementor-divider-separator\">\n\t\t\t\t\t\t<\/span>\n\t\t<\/div>\n\t\t\t\t\t\t<\/div>\n\t\t\t\t<\/div>\n\t\t\t\t\t<\/div>\n\t\t\t\t<\/div>\n\t\t<div class=\"elementor-element elementor-element-92e9288 e-flex e-con-boxed e-con e-parent\" data-id=\"92e9288\" data-element_type=\"container\" data-settings=\"{&quot;background_background&quot;:&quot;classic&quot;}\">\n\t\t\t\t\t<div class=\"e-con-inner\">\n\t\t<div class=\"elementor-element elementor-element-72a7b04 e-con-full e-flex e-con e-child\" data-id=\"72a7b04\" data-element_type=\"container\">\n\t\t\t\t<div class=\"elementor-element elementor-element-a44d77c elementor-widget elementor-widget-heading\" data-id=\"a44d77c\" data-element_type=\"widget\" data-widget_type=\"heading.default\">\n\t\t\t\t<div class=\"elementor-widget-container\">\n\t\t\t\t\t<h4 class=\"elementor-heading-title elementor-size-default\">Primar<\/h4>\t\t\t\t<\/div>\n\t\t\t\t<\/div>\n\t\t\t\t<div class=\"elementor-element elementor-element-8222d86 elementor-widget elementor-widget-text-editor\" data-id=\"8222d86\" data-element_type=\"widget\" data-widget_type=\"text-editor.default\">\n\t\t\t\t<div class=\"elementor-widget-container\">\n\t\t\t\t\t\t\t\t\t<h4 style=\"text-align: center;\"><em>Isepciuc D. Adrian<\/em><\/h4>\t\t\t\t\t\t\t\t<\/div>\n\t\t\t\t<\/div>\n\t\t\t\t<div class=\"elementor-element elementor-element-6535b4d elementor-widget elementor-widget-heading\" data-id=\"6535b4d\" data-element_type=\"widget\" data-widget_type=\"heading.default\">\n\t\t\t\t<div class=\"elementor-widget-container\">\n\t\t\t\t\t<p class=\"elementor-heading-title elementor-size-default\">Program audien\u021be:<\/p>\t\t\t\t<\/div>\n\t\t\t\t<\/div>\n\t\t\t\t<div class=\"elementor-element elementor-element-210ba18 elementor-widget elementor-widget-text-editor\" data-id=\"210ba18\" data-element_type=\"widget\" data-widget_type=\"text-editor.default\">\n\t\t\t\t<div class=\"elementor-widget-container\">\n\t\t\t\t\t\t\t\t\t<ul><li>Mar\u021bi: 8.30-11.30\u00a0<\/li><li>Miercuri: 8.30-11.30<p>Tel.0230528020<\/p><\/li><\/ul>\t\t\t\t\t\t\t\t<\/div>\n\t\t\t\t<\/div>\n\t\t\t\t<\/div>\n\t\t<div class=\"elementor-element elementor-element-61b9881 e-con-full e-flex e-con e-child\" data-id=\"61b9881\" data-element_type=\"container\">\n\t\t\t\t<div class=\"elementor-element elementor-element-e136b39 elementor-widget elementor-widget-heading\" data-id=\"e136b39\" data-element_type=\"widget\" data-widget_type=\"heading.default\">\n\t\t\t\t<div class=\"elementor-widget-container\">\n\t\t\t\t\t<h4 class=\"elementor-heading-title elementor-size-default\">Viceprimar<\/h4>\t\t\t\t<\/div>\n\t\t\t\t<\/div>\n\t\t\t\t<div class=\"elementor-element elementor-element-57c21da elementor-widget elementor-widget-text-editor\" data-id=\"57c21da\" data-element_type=\"widget\" data-widget_type=\"text-editor.default\">\n\t\t\t\t<div class=\"elementor-widget-container\">\n\t\t\t\t\t\t\t\t\t<h4 style=\"text-align: center;\"><em>Vara\u0219ciuc N. Dan<\/em><\/h4>\t\t\t\t\t\t\t\t<\/div>\n\t\t\t\t<\/div>\n\t\t\t\t<div class=\"elementor-element elementor-element-c35a2ae elementor-widget elementor-widget-heading\" data-id=\"c35a2ae\" data-element_type=\"widget\" data-widget_type=\"heading.default\">\n\t\t\t\t<div class=\"elementor-widget-container\">\n\t\t\t\t\t<p class=\"elementor-heading-title elementor-size-default\">Program audien\u021be:<\/p>\t\t\t\t<\/div>\n\t\t\t\t<\/div>\n\t\t\t\t<div class=\"elementor-element elementor-element-775a0fc elementor-widget elementor-widget-text-editor\" data-id=\"775a0fc\" data-element_type=\"widget\" data-widget_type=\"text-editor.default\">\n\t\t\t\t<div class=\"elementor-widget-container\">\n\t\t\t\t\t\t\t\t\t<ul><li>Luni: 8.30-11.30\u00a0<\/li><li>Joi: 8.30-11.30<p>Tel.0230528020<\/p><\/li><\/ul>\t\t\t\t\t\t\t\t<\/div>\n\t\t\t\t<\/div>\n\t\t\t\t<\/div>\n\t\t<div class=\"elementor-element elementor-element-bf41033 e-con-full e-flex e-con e-child\" data-id=\"bf41033\" data-element_type=\"container\">\n\t\t\t\t<div class=\"elementor-element elementor-element-f660c23 elementor-widget elementor-widget-heading\" data-id=\"f660c23\" data-element_type=\"widget\" data-widget_type=\"heading.default\">\n\t\t\t\t<div class=\"elementor-widget-container\">\n\t\t\t\t\t<h4 class=\"elementor-heading-title elementor-size-default\">Secretar general<\/h4>\t\t\t\t<\/div>\n\t\t\t\t<\/div>\n\t\t\t\t<div class=\"elementor-element elementor-element-ba093fe elementor-widget elementor-widget-text-editor\" data-id=\"ba093fe\" data-element_type=\"widget\" data-widget_type=\"text-editor.default\">\n\t\t\t\t<div class=\"elementor-widget-container\">\n\t\t\t\t\t\t\t\t\t<h4 style=\"text-align: center;\"><em>Calinescu Mihai Valerian<\/em><\/h4>\t\t\t\t\t\t\t\t<\/div>\n\t\t\t\t<\/div>\n\t\t\t\t<div class=\"elementor-element elementor-element-1cb43ca elementor-widget elementor-widget-heading\" data-id=\"1cb43ca\" data-element_type=\"widget\" data-widget_type=\"heading.default\">\n\t\t\t\t<div class=\"elementor-widget-container\">\n\t\t\t\t\t<p class=\"elementor-heading-title elementor-size-default\">Program audien\u021be:<\/p>\t\t\t\t<\/div>\n\t\t\t\t<\/div>\n\t\t\t\t<div class=\"elementor-element elementor-element-389e2d3 elementor-widget elementor-widget-text-editor\" data-id=\"389e2d3\" data-element_type=\"widget\" data-widget_type=\"text-editor.default\">\n\t\t\t\t<div class=\"elementor-widget-container\">\n\t\t\t\t\t\t\t\t\t<ul><li>Vineri: 8.30-11.30\u00a0<br \/><p>Tel.0230528020<\/p><\/li><\/ul>\t\t\t\t\t\t\t\t<\/div>\n\t\t\t\t<\/div>\n\t\t\t\t<\/div>\n\t\t\t\t\t<\/div>\n\t\t\t\t<\/div>\n\t\t<div class=\"elementor-element elementor-element-996ee17 e-flex e-con-boxed e-con e-parent\" data-id=\"996ee17\" data-element_type=\"container\" data-settings=\"{&quot;background_background&quot;:&quot;classic&quot;}\">\n\t\t\t\t\t<div class=\"e-con-inner\">\n\t\t\t\t<div class=\"elementor-element elementor-element-8e88311 elementor-widget elementor-widget-heading\" data-id=\"8e88311\" data-element_type=\"widget\" data-widget_type=\"heading.default\">\n\t\t\t\t<div class=\"elementor-widget-container\">\n\t\t\t\t\t<h4 class=\"elementor-heading-title elementor-size-default\">Programul normal de lucru a salaria\u021bilor din cadrul Prim\u0103riei comunei P\u0103tr\u0103u\u021bi<\/h4>\t\t\t\t<\/div>\n\t\t\t\t<\/div>\n\t\t\t\t<div class=\"elementor-element elementor-element-9cec1bb elementor-widget elementor-widget-text-editor\" data-id=\"9cec1bb\" data-element_type=\"widget\" data-widget_type=\"text-editor.default\">\n\t\t\t\t<div class=\"elementor-widget-container\">\n\t\t\t\t\t\t\t\t\t<div><div>Incepand cu data de 01.11.2021, se stabileste Programul normal de lucru a salariatilor din cadrul Primariei comunei Patrauti, jud. Suceava, in limita a 40 de ore pe saptamana, dupa cum urmeaza:<\/div><\/div>\t\t\t\t\t\t\t\t<\/div>\n\t\t\t\t<\/div>\n\t\t\t\t<div class=\"elementor-element elementor-element-7eb655b elementor-widget elementor-widget-text-editor\" data-id=\"7eb655b\" data-element_type=\"widget\" data-widget_type=\"text-editor.default\">\n\t\t\t\t<div class=\"elementor-widget-container\">\n\t\t\t\t\t\t\t\t\t<div><div style=\"text-align: center;\">Luni &#8211; \u00eentre orele 8,00-16,00;<\/div><div><div><div style=\"text-align: center;\">Mar\u021bi &#8211; \u00eentre orele 8,00-16,00;<\/div><div><div><div style=\"text-align: center;\">Miercuri &#8211; \u00eentre orele 8,00-16,00;<\/div><div><div><div style=\"text-align: center;\">Joi &#8211; \u00eentre orele 8,00-16,00;<\/div><div><div><div style=\"text-align: center;\">Vineri &#8211; \u00eentre orele 8,00-16,00.<\/div><\/div><\/div><\/div><\/div><\/div><\/div><\/div><\/div><\/div>\t\t\t\t\t\t\t\t<\/div>\n\t\t\t\t<\/div>\n\t\t\t\t<div class=\"elementor-element elementor-element-1da8c15 elementor-widget elementor-widget-text-editor\" data-id=\"1da8c15\" data-element_type=\"widget\" data-widget_type=\"text-editor.default\">\n\t\t\t\t<div class=\"elementor-widget-container\">\n\t\t\t\t\t\t\t\t\t<div><div>In cazuri temeinic justificate, cu acordul sau la solicitarea salariatului \u00een cauz\u0103, angajatorul poate stabili programe individualizate de munc\u0103, numai cu respectarea dispozi\u0163iilor art. 112 \u015fi 114 din legea nr. 53\/2003- Codul muncii, republicata, cu modificarile si completarile ulterioare.<\/div><\/div>\t\t\t\t\t\t\t\t<\/div>\n\t\t\t\t<\/div>\n\t\t\t\t<div class=\"elementor-element elementor-element-c24b085 elementor-widget elementor-widget-text-editor\" data-id=\"c24b085\" data-element_type=\"widget\" data-widget_type=\"text-editor.default\">\n\t\t\t\t<div class=\"elementor-widget-container\">\n\t\t\t\t\t\t\t\t\t<div><div>Incep\u00e2nd cu data de 01.11.2021, Programul de lucru cu publicul, se stabile\u0219te astfel:<\/div><\/div>\t\t\t\t\t\t\t\t<\/div>\n\t\t\t\t<\/div>\n\t\t\t\t<div class=\"elementor-element elementor-element-e7c8496 elementor-widget elementor-widget-text-editor\" data-id=\"e7c8496\" data-element_type=\"widget\" data-widget_type=\"text-editor.default\">\n\t\t\t\t<div class=\"elementor-widget-container\">\n\t\t\t\t\t\t\t\t\t<div style=\"text-align: center;\"><div><div>Luni &#8211; \u00eentre orele 8.30-13.30;<\/div><\/div><\/div><div><div style=\"text-align: center;\"><div><div>Mar\u021bi &#8211; \u00eentre orele 8.30-13.30;<\/div><\/div><\/div><div><div style=\"text-align: center;\"><div><div>Miercuri &#8211; \u00eentre orele 8.30- 13.30;<\/div><\/div><\/div><div><div style=\"text-align: center;\"><div><div>Joi &#8211; \u00eentre orele 8,30-13,30;<\/div><\/div><\/div><div><div style=\"text-align: center;\"><div><div>Vineri \u2013 Nu este program cu publicul;<\/div><\/div><\/div><\/div><\/div><\/div><\/div>\t\t\t\t\t\t\t\t<\/div>\n\t\t\t\t<\/div>\n\t\t\t\t\t<\/div>\n\t\t\t\t<\/div>\n\t\t<div class=\"elementor-element elementor-element-63a30ab e-flex e-con-boxed e-con e-parent\" data-id=\"63a30ab\" data-element_type=\"container\" data-settings=\"{&quot;background_background&quot;:&quot;classic&quot;}\">\n\t\t\t\t\t<div class=\"e-con-inner\">\n\t\t\t\t<div class=\"elementor-element elementor-element-d6b952d elementor-widget elementor-widget-heading\" data-id=\"d6b952d\" data-element_type=\"widget\" data-widget_type=\"heading.default\">\n\t\t\t\t<div class=\"elementor-widget-container\">\n\t\t\t\t\t<h4 class=\"elementor-heading-title elementor-size-default\">Compartimentele func\u021bionale din cadrul Prim\u0103riei Comunei P\u0103tr\u0103u\u021bi<\/h4>\t\t\t\t<\/div>\n\t\t\t\t<\/div>\n\t\t\t\t<div class=\"elementor-element elementor-element-43ec7b7 elementor-widget elementor-widget-html\" data-id=\"43ec7b7\" data-element_type=\"widget\" data-widget_type=\"html.default\">\n\t\t\t\t<div class=\"elementor-widget-container\">\n\t\t\t\t\t<table class=\"table table-striped\">\r\n                    <thead>\r\n                        <tr>\r\n                            <th width=\"4%\">Nr Crt<\/th>\r\n                            <th width=\"25%\">Nume compartiment<\/th>\r\n                            <th width=\"25%\">Programul normal de lucru<\/th>\r\n                            <th width=\"25%\">Programul de lucru cu publicul<\/th>\r\n                            <th width=\"10%\">Tel. Institu\u021bie<\/th>\r\n                            <th width=\"10%\">Tel. de serviciu<\/th>\r\n                        <\/tr>\r\n                    <\/thead>\r\n                    <tbody>\r\n                        <tr>\r\n                            <td>1<\/td>\r\n                            <td>SECRETARUL GENERAL\r\n                                AL COMUNEI<br><br>C\u0102LINESCU MIHAI -\r\n                                VALERIAN<\/td>\r\n                            <td>Luni - \u00eentre orele 8,00-16,00;<br>Mar\u021bi - \u00eentre orele 8,00-16,00;<br>Miercuri - \u00eentre orele 8,00-\r\n                                16,00;<br>Joi - \u00eentre orele 8,00-16,00;<br>Vineri - \u00eentre orele 8,00-\r\n                                16,00.<\/td>\r\n                            <td>Luni - \u00eentre orele 8.30-13.30;<br>\r\n                                Mar\u021bi - \u00eentre orele 8.30-13,30;<br>\r\n                                Miercuri - \u00eentre orele 8.30- 13.30;<br>\r\n                                Joi - \u00eentre orele 8,30-13,30;<\/td>\r\n                            <td><br><br>0230528020<\/td>\r\n                            <td><br><br>0756027782<\/td>\r\n                        <\/tr>\r\n                        <tr>\r\n                            <td>2<\/td>\r\n                            <td>REGISTRA<br><br>\r\n                                PASCAR ALINA \u2013 NICOLETA<br>\r\n                                HOLC\u0102 GHEORGHI\u021a\u0102<\/td>\r\n                            <td>Luni - \u00eentre orele 8,00-16,00;<br>\r\n                                Mar\u021bi - \u00eentre orele 8,00-16,00;<br>\r\n                                Miercuri - \u00eentre orele 8,00-16,00;<br>\r\n                                Joi - \u00eentre orele 8,00-16,00;<br>\r\n                                Vineri - \u00eentre orele 8,00-16,00.<\/td>\r\n                            <td>Luni - \u00eentre orele 8.30-13.30;<br>\r\n                                Mar\u021bi - \u00eentre orele 8.30-13,30;<br>\r\n                                Miercuri - \u00eentre orele 8.30- 13.30;<br>\r\n                                Joi - \u00eentre orele 8,30-13,30;<\/td>\r\n                            <td><br><br>0230528020<\/td>\r\n                            <td><br><br>0756027785<br>\r\n                                0766093548<\/td>\r\n                        <\/tr>\r\n                        <tr>\r\n                            <td>3<\/td>\r\n                            <td>CONTABILITATE<br><br>\r\n                            \r\n                                CIOBOTAR MARCELA<\/td>\r\n                            <td>Luni - \u00eentre orele 8,00-16,00;<br>\r\n                                Mar\u021bi - \u00eentre orele 8,00-16,00;<br>\r\n                                Miercuri - \u00eentre orele 8,00-\r\n                                16,00;<br>\r\n                                Joi - \u00eentre orele 8,00-16,00;<br>\r\n                                Vineri - \u00eentre orele 8,00-16,00.<\/td>\r\n                            <td>Luni - \u00eentre orele 8.30-13.30;<br>\r\n                                Mar\u021bi - \u00eentre orele 8.30-13,30;<br>\r\n                                Miercuri - \u00eentre orele 8.30- 13.30;<br>\r\n                                Joi - \u00eentre orele 8,30-13,30;<\/td>\r\n                            <td><br><br>0230528020<\/td>\r\n                            <td><br><br>\r\n                                0760919033<\/td>\r\n                        <\/tr>\r\n                        <tr>\r\n                            <td>4<\/td>\r\n                            <td>IMPOZITE \u0218I TAXE<br><br>\r\n                                ISEPCIUC ELENA<br> \r\n\t\t\t\t\t\t\t\tHATNEAN ANGELICA - ELENA <br>MATEICIUC GABRIELA ELENA<\/td>\r\n                            <td>Luni - \u00eentre orele 8,00-16,00;<br>\r\n                                Mar\u021bi - \u00eentre orele 8,00-16,00;<br>\r\n                                Miercuri - \u00eentre orele 8,00-16,00;<br>\r\n                                Joi - \u00eentre orele 8,00-16,00;<br>\r\n                                Vineri - \u00eentre orele 8,00-16,00.<br>\r\n                            <\/td>\r\n                            <td>Luni - \u00eentre orele 8.30-13.30;<br>\r\n                                Mar\u021bi - \u00eentre orele 8.30-13,30;<br>\r\n                                Miercuri - \u00eentre orele 8.30- 13.30;<br>\r\n                                Joi - \u00eentre orele 8,30-13,30;<\/td>\r\n                            <td><br><br>0230528020<\/td>\r\n                            <td><br><br>0766093547\r\n                                0745409510 <br> 0757365934<\/td>\r\n                        <\/tr>\r\n                        <tr>\r\n                            <td>5<\/td>\r\n                            <td>ASISTEN\u021a\u0102 SOCIAL\u0102<br><br>\r\n                                CARA\u0218 ELENA \u2013 DANA<br>\r\n                                TURCU ROBERT - NICOLAE<\/td>\r\n                            <td>Luni - \u00eentre orele 8,00-16,00;<br>\r\n                                Mar\u021bi - \u00eentre orele 8,00-16,00;<br>\r\n                                Miercuri - \u00eentre orele 8,00-16,00;<br>\r\n                                Joi - \u00eentre orele 8,00-16,00;<br>\r\n                                Vineri - \u00eentre orele 8,00-16,00.<\/td>\r\n                            <td>Luni - \u00eentre orele 8.30-13.30;<br>\r\n                                Mar\u021bi - \u00eentre orele 8.30-13,30;<br>\r\n                                Miercuri - \u00eentre orele 8.30- 13.30;<br>\r\n                                Joi - \u00eentre orele 8,30-13,30;<\/td>\r\n                            <td><br><br>0230528020<\/td>\r\n                            <td><br><br>0766093546\r\n                                0741472244<\/td>\r\n                        <\/tr>\r\n                        <tr>\r\n                            <td>6<\/td>\r\n                            <td>REGISTRUL AGRICOL<br><br>\r\n                                HLADIUC ILIE<\/td>\r\n                            <td>Luni - \u00eentre orele 8,00-16,00;<br>\r\n                                Mar\u021bi - \u00eentre orele 8,00-16,00;<br>\r\n                                iercuri - \u00eentre orele 8,00-16,00;<br>\r\n                                Joi - \u00eentre orele 8,00-16,00;<br>\r\n                                Vineri - \u00eentre orele 8,00-16,00.<\/td>\r\n                            <td>Luni - \u00eentre orele 8.30-13.30;<br>\r\n                                Mar\u021bi - \u00eentre orele 8.30-13,30;<br>\r\n                                Miercuri - \u00eentre orele 8.30- 13.30;<br>\r\n                                Joi - \u00eentre orele 8,30-13,30;<\/td>\r\n                            <td><br><br>0230528020<\/td>\r\n                            <td><br><br>0766093549<\/td>\r\n                        <\/tr>\r\n                    <\/tbody>\r\n                    <tr>\r\n                        <td>7<\/td>\r\n                        <td>URBANISM<br><br>\r\n                            COSTAN TIBERIU \u2013 LIVIU<\/td>\r\n                        <td>Luni \u2013 \u00eentre orele 8,00-16,00 ;<br>\r\n                            Mar\u021bi \u2013 \u00eentre orele 8,00-16,00 ;<br>\r\n                            Miercuri \u2013 \u00eentre orele 8,00-\r\n                            16,00 ;<br>\r\n                            Joi \u2013 \u00eentre orele 8,00-16,00 ;<br>\r\n                            Vineri \u2013 \u00eentre orele 8,00-16,00.<\/td>\r\n                        <td>Luni \u2013 \u00eentre orele 8.30-13.30 ;<br>\r\n                            Mar\u021bi \u2013 \u00eentre orele 8.30-13,30 ;<br>\r\n                            Miercuri \u2013 \u00eentre orele 8.30- 13.30 ;\r\n                            Joi \u2013 \u00eentre orele 8,30-13,30;<\/td>\r\n                        <td><br><br>0230528020<\/td>\r\n                        <td><br><br>0753612045<\/td>\r\n                    <\/tr>\r\n                    <tr>\r\n                        <td>8<\/td>\r\n                        <td>SERVICIU APA<br><br>\r\n                            PALADE C\u0102T\u0102LIN<\/td>\r\n                        <td>Luni \u2013 \u00eentre orele 8,00-16,00 ;<br>\r\n                            Mar\u021bi \u2013 \u00eentre orele 8,00-16,00 ;<br>\r\n                            Miercuri \u2013 \u00eentre orele 8,00-\r\n                            16,00 ;<br>\r\n                            Joi \u2013 \u00eentre orele 8,00-16,00 ;<br>\r\n                            Vineri \u2013 \u00eentre orele 8,00-16,00.<\/td>\r\n                        <td>Luni \u2013 \u00eentre orele 8.30-13.30;<br>\r\n                            Mar\u021bi \u2013 \u00eentre orele 8.30-13,30 ;<br>\r\n                            Miercuri \u2013 \u00eentre orele 8.30- 13.30 ;<br>\r\n                            Joi \u2013 \u00eentre orele 8,30-13,30;<\/td>\r\n                        <td><br><br>0230528020<\/td>\r\n                        <td><br><br>0745227807<\/td>\r\n                    <\/tr>\r\n                <\/table>\t\t\t\t<\/div>\n\t\t\t\t<\/div>\n\t\t\t\t\t<\/div>\n\t\t\t\t<\/div>\n\t\t\t\t<\/div>\n\t\t","protected":false},"excerpt":{"rendered":"<p>Conducere Primar Isepciuc D. Adrian Program audien\u021be: Mar\u021bi: 8.30-11.30\u00a0 Miercuri: 8.30-11.30 Tel.0230528020 Viceprimar Vara\u0219ciuc N. Dan Program audien\u021be: Luni: 8.30-11.30\u00a0 Joi: 8.30-11.30 Tel.0230528020 Secretar general Calinescu Mihai Valerian Program audien\u021be: Vineri: 8.30-11.30\u00a0 Tel.0230528020 Programul normal de lucru a salaria\u021bilor din cadrul Prim\u0103riei comunei P\u0103tr\u0103u\u021bi Incepand cu data de 01.11.2021, se stabileste Programul normal de lucru &hellip;<\/p>\n<p class=\"read-more\"> <a class=\"\" href=\"https:\/\/site.vechi.primariapatrautisv.ro\/?page_id=985\"> <span class=\"screen-reader-text\">Conducere<\/span> Read More &raquo;<\/a><\/p>\n","protected":false},"author":1,"featured_media":0,"parent":0,"menu_order":0,"comment_status":"closed","ping_status":"closed","template":"","meta":{"site-sidebar-layout":"no-sidebar","site-content-layout":"page-builder","ast-site-content-layout":"full-width-container","site-content-style":"default","site-sidebar-style":"default","ast-global-header-display":"","ast-banner-title-visibility":"","ast-main-header-display":"","ast-hfb-above-header-display":"","ast-hfb-below-header-display":"","ast-hfb-mobile-header-display":"","site-post-title":"disabled","ast-breadcrumbs-content":"","ast-featured-img":"disabled","footer-sml-layout":"","theme-transparent-header-meta":"","adv-header-id-meta":"","stick-header-meta":"","header-above-stick-meta":"","header-main-stick-meta":"","header-below-stick-meta":"","astra-migrate-meta-layouts":"set","footnotes":""},"class_list":["post-985","page","type-page","status-publish","hentry"],"_links":{"self":[{"href":"https:\/\/site.vechi.primariapatrautisv.ro\/index.php?rest_route=\/wp\/v2\/pages\/985","targetHints":{"allow":["GET"]}}],"collection":[{"href":"https:\/\/site.vechi.primariapatrautisv.ro\/index.php?rest_route=\/wp\/v2\/pages"}],"about":[{"href":"https:\/\/site.vechi.primariapatrautisv.ro\/index.php?rest_route=\/wp\/v2\/types\/page"}],"author":[{"embeddable":true,"href":"https:\/\/site.vechi.primariapatrautisv.ro\/index.php?rest_route=\/wp\/v2\/users\/1"}],"replies":[{"embeddable":true,"href":"https:\/\/site.vechi.primariapatrautisv.ro\/index.php?rest_route=%2Fwp%2Fv2%2Fcomments&post=985"}],"version-history":[{"count":68,"href":"https:\/\/site.vechi.primariapatrautisv.ro\/index.php?rest_route=\/wp\/v2\/pages\/985\/revisions"}],"predecessor-version":[{"id":1806,"href":"https:\/\/site.vechi.primariapatrautisv.ro\/index.php?rest_route=\/wp\/v2\/pages\/985\/revisions\/1806"}],"wp:attachment":[{"href":"https:\/\/site.vechi.primariapatrautisv.ro\/index.php?rest_route=%2Fwp%2Fv2%2Fmedia&parent=985"}],"curies":[{"name":"wp","href":"https:\/\/api.w.org\/{rel}","templated":true}]}}