{"id":1577,"date":"2024-03-05T07:20:23","date_gmt":"2024-03-05T07:20:23","guid":{"rendered":"https:\/\/test.primariapatrautisv.ro\/?page_id=1577"},"modified":"2024-03-05T08:15:33","modified_gmt":"2024-03-05T08:15:33","slug":"harta-site","status":"publish","type":"page","link":"https:\/\/site.vechi.primariapatrautisv.ro\/?page_id=1577","title":{"rendered":"Hart\u0103 site"},"content":{"rendered":"\t\t<div data-elementor-type=\"wp-page\" data-elementor-id=\"1577\" class=\"elementor elementor-1577\">\n\t\t\t\t<div class=\"elementor-element elementor-element-88ce38e e-flex e-con-boxed e-con e-parent\" data-id=\"88ce38e\" data-element_type=\"container\">\n\t\t\t\t\t<div class=\"e-con-inner\">\n\t\t\t\t<div class=\"elementor-element elementor-element-1b1d7e4 elementor-widget elementor-widget-heading\" data-id=\"1b1d7e4\" data-element_type=\"widget\" data-widget_type=\"heading.default\">\n\t\t\t\t<div class=\"elementor-widget-container\">\n\t\t\t\t\t<h3 class=\"elementor-heading-title elementor-size-default\">Hart\u0103 site<\/h3>\t\t\t\t<\/div>\n\t\t\t\t<\/div>\n\t\t\t\t<div class=\"elementor-element elementor-element-e964c77 elementor-widget-divider--view-line elementor-widget elementor-widget-divider\" data-id=\"e964c77\" data-element_type=\"widget\" data-widget_type=\"divider.default\">\n\t\t\t\t<div class=\"elementor-widget-container\">\n\t\t\t\t\t\t\t<div class=\"elementor-divider\">\n\t\t\t<span class=\"elementor-divider-separator\">\n\t\t\t\t\t\t<\/span>\n\t\t<\/div>\n\t\t\t\t\t\t<\/div>\n\t\t\t\t<\/div>\n\t\t\t\t\t<\/div>\n\t\t\t\t<\/div>\n\t\t<div class=\"elementor-element elementor-element-104c0a6 e-con-full e-flex e-con e-parent\" data-id=\"104c0a6\" data-element_type=\"container\">\n\t\t<div class=\"elementor-element elementor-element-54ad96e e-flex e-con-boxed e-con e-child\" data-id=\"54ad96e\" data-element_type=\"container\">\n\t\t\t\t\t<div class=\"e-con-inner\">\n\t\t\t\t<div class=\"elementor-element elementor-element-27f7b2a elementor-widget elementor-widget-html\" data-id=\"27f7b2a\" data-element_type=\"widget\" data-widget_type=\"html.default\">\n\t\t\t\t<div class=\"elementor-widget-container\">\n\t\t\t\t\t<h4><a href=\"index.html\">Acasa<\/a><\/h4>\r\n                <h4><a href=\"#\">Despre noi<\/a><\/h4>\r\n                <h4 class=\"indent-80\"><a href=\"\/?page_id=985\">Conducere<\/a><\/h4>\r\n                <h4 class=\"indent-80\"><a href=\"#\">Organizare<\/a><\/h4>\r\n                <h4 class=\"indent-160\"><a href=\"\/?page_id=1115\">Organigrama<\/a><\/h4>\r\n                <h4 class=\"indent-160\"><a href=\"\/?page_id=1089\">Carier\u0103<\/a><\/h4>\r\n                <h4 class=\"indent-160\"><a href=\"\/?page_id=1117\">Regulament de Organizare<\/a><\/h4>\r\n                <h4 class=\"indent-80\"><a href=\"https:\/\/mol.edigitalizare.ro\/PatrautiSV#\/file\/18\">Dispozi\u021bii<\/a><\/h4>\r\n                <h4 class=\"indent-80\"><a href=\"\/?page_id=1107\">Programe \u0219i strategii<\/a><\/h4>\r\n                <h4 class=\"indent-80\"><a href=\"\/?page_id=1109\">Rapoarte \u0219i studii<\/a><\/h4>\r\n                <h4 class=\"indent-80\"><a href=\"#\">Obiective turistice<\/a><\/h4>\r\n                <h4 class=\"indent-160\"><a href=\"\/?page_id=1151\">Biserica Sfanta Cruce<\/a><\/h4>\r\n                <h4 class=\"indent-160\"><a href=\"\/?page_id=1185\">Monumentul Eroilor<\/a><\/h4>\r\n                <h4 class=\"indent-160\"><a href=\"\/?page_id=1210\">Muzeul Preotului<\/a><\/h4>\r\n                <h4 class=\"indent-160\"><a href=\"\/?page_id=1224\">Galerie foto<\/a><\/h4>\r\n                <h4><a href=\"\">Consiliul Local<\/a><\/h4>\r\n                <h4 class=\"indent-80\"><a href=\"\/?page_id=1060\">Componen\u021b\u0103 Consiliu<\/a><\/h4>\r\n                <h4 class=\"indent-80\"><a href=\"https:\/\/mol.edigitalizare.ro\/PatrautiSV#\/file\/16\">Hot\u0103r\u00e2ri<\/a><\/h4>\r\n                <h4 class=\"indent-80\"><a href=\"https:\/\/mol.edigitalizare.ro\/PatrautiSV#\/file\/15\">Proiecte de hot\u0103r\u00e2re<\/a><\/h4>\r\n                <h4><a href=\"#\">Compartimente<\/a><\/h4>\r\n                <h4 class=\"indent-80\"><a href=\"\/?page_id=1123\">Asisten\u021b\u0103 social\u0103<\/a><\/h4>\r\n                <h4 class=\"indent-80\"><a href=\"\/?page_id=1125\">S.V.S.U.<\/a><\/h4>\r\n                <h4 class=\"indent-80\"><a href=\"\/?page_id=1127\">Stare civil\u0103<\/a><\/h4>\r\n                <h4 class=\"indent-80\"><a href=\"\/?page_id=1129\">Registrul agricol<\/a><\/h4>\r\n                <h4 class=\"indent-80\"><a href=\"\/?page_id=1131\">Urbanism<\/a><\/h4>\r\n                <h4 class=\"indent-80\"><a href=\"\/?page_id=1133\">Taxe \u0219i impozite<\/a><\/h4>\r\n                <h4><a href=\"#\">Informa\u021bii publice<\/a><\/h4>\r\n                <h4 class=\"indent-80\"><a href=\"\/?page_id=1308\">Anun\u021buri<\/a><\/h4>\r\n                <h4 class=\"indent-80\"><a href=\"\/?page_id=1369\">Declara\u021bii de avere \u0219i interese<\/a><\/h4>\r\n                <h4 class=\"indent-80\"><a href=\"\/?page_id=1310\">Achizi\u021bii<\/a><\/h4>\r\n                <h4 class=\"indent-80\"><a href=\"\/?page_id=1375\">Solicitare Informa\u021bii\/Legislatie<\/a><\/h4>\r\n                <h4 class=\"indent-80\"><a href=\"#\">Situa\u021bie financiar\u0103<\/a><\/h4>\r\n                <h4 class=\"indent-160\"><a href=\"\/?page_id=1380\">Buget local<\/a><\/h4>\r\n                  <h4 class=\"indent-160\"><a href=\"\/?page_id=1385\">Execu\u021bia bugetar\u0103<\/a><\/h4>\r\n\r\n                <h4 class=\"indent-80\"><a href=\"#\">Transparen\u021b\u0103 decizional\u0103<\/a><\/h4>\r\n                <h4 class=\"indent-160\"><a href=\"\/?page_id=1293\">Probleme de interes public ce urmeaz\u0103 sa fie dezb\u0103tute <\/a><\/h4>\r\n                <h4 class=\"indent-80\" ><a href=\"#\">Integritate Institu\u021bional\u0103<\/a><\/h4>\r\n                <h4 class=\"indent-160\"><a href=\"sna.html\">SNA<\/a><\/h4>\r\n                <h4 class=\"indent-80\"><a href=\"\/?page_id=1319\">GDPR<\/a><\/h4>\r\n                <h4 class=\"indent-80\"><a href=\"\/?page_id=1389\">Formulare<\/a><\/h4>\r\n                <h4><a href=\"https:\/\/mol.edigitalizare.ro\/PatrautiSV#\/category\" target=\"self\" rel=\"noreferrer\">Monitorul Oficial Local<\/a><\/h4>\r\n                <h4 ><a href=\"\/?page_id=1393\">Pl\u0103\u021bi online<\/a><\/h4>\r\n                <h4><a href=\"https:\/\/portal.edigitalizare.ro\/%7B%22cui%22:4244318%7D#\/\">Solicit\u0103ri Online<\/a><\/h4>\r\n                <h4><a href=\"\/?page_id=776\">Contact<\/a><\/h4>\r\n                \t\t\t\t<\/div>\n\t\t\t\t<\/div>\n\t\t\t\t\t<\/div>\n\t\t\t\t<\/div>\n\t\t\t\t<\/div>\n\t\t\t\t<\/div>\n\t\t","protected":false},"excerpt":{"rendered":"<p>Hart\u0103 site Acasa Despre noi Conducere Organizare Organigrama Carier\u0103 Regulament de Organizare Dispozi\u021bii Programe \u0219i strategii Rapoarte \u0219i studii Obiective turistice Biserica Sfanta Cruce Monumentul Eroilor Muzeul Preotului Galerie foto Consiliul Local Componen\u021b\u0103 Consiliu Hot\u0103r\u00e2ri Proiecte de hot\u0103r\u00e2re Compartimente Asisten\u021b\u0103 social\u0103 S.V.S.U. Stare civil\u0103 Registrul agricol Urbanism Taxe \u0219i impozite Informa\u021bii publice Anun\u021buri Declara\u021bii de &hellip;<\/p>\n<p class=\"read-more\"> <a class=\"\" href=\"https:\/\/site.vechi.primariapatrautisv.ro\/?page_id=1577\"> <span class=\"screen-reader-text\">Hart\u0103 site<\/span> Read More &raquo;<\/a><\/p>\n","protected":false},"author":1,"featured_media":0,"parent":0,"menu_order":0,"comment_status":"closed","ping_status":"closed","template":"","meta":{"site-sidebar-layout":"no-sidebar","site-content-layout":"page-builder","ast-site-content-layout":"full-width-container","site-content-style":"default","site-sidebar-style":"default","ast-global-header-display":"","ast-banner-title-visibility":"","ast-main-header-display":"","ast-hfb-above-header-display":"","ast-hfb-below-header-display":"","ast-hfb-mobile-header-display":"","site-post-title":"disabled","ast-breadcrumbs-content":"","ast-featured-img":"disabled","footer-sml-layout":"","theme-transparent-header-meta":"","adv-header-id-meta":"","stick-header-meta":"","header-above-stick-meta":"","header-main-stick-meta":"","header-below-stick-meta":"","astra-migrate-meta-layouts":"set","footnotes":""},"class_list":["post-1577","page","type-page","status-publish","hentry"],"_links":{"self":[{"href":"https:\/\/site.vechi.primariapatrautisv.ro\/index.php?rest_route=\/wp\/v2\/pages\/1577","targetHints":{"allow":["GET"]}}],"collection":[{"href":"https:\/\/site.vechi.primariapatrautisv.ro\/index.php?rest_route=\/wp\/v2\/pages"}],"about":[{"href":"https:\/\/site.vechi.primariapatrautisv.ro\/index.php?rest_route=\/wp\/v2\/types\/page"}],"author":[{"embeddable":true,"href":"https:\/\/site.vechi.primariapatrautisv.ro\/index.php?rest_route=\/wp\/v2\/users\/1"}],"replies":[{"embeddable":true,"href":"https:\/\/site.vechi.primariapatrautisv.ro\/index.php?rest_route=%2Fwp%2Fv2%2Fcomments&post=1577"}],"version-history":[{"count":37,"href":"https:\/\/site.vechi.primariapatrautisv.ro\/index.php?rest_route=\/wp\/v2\/pages\/1577\/revisions"}],"predecessor-version":[{"id":1618,"href":"https:\/\/site.vechi.primariapatrautisv.ro\/index.php?rest_route=\/wp\/v2\/pages\/1577\/revisions\/1618"}],"wp:attachment":[{"href":"https:\/\/site.vechi.primariapatrautisv.ro\/index.php?rest_route=%2Fwp%2Fv2%2Fmedia&parent=1577"}],"curies":[{"name":"wp","href":"https:\/\/api.w.org\/{rel}","templated":true}]}}