{"id":1151,"date":"2023-10-24T07:39:00","date_gmt":"2023-10-24T07:39:00","guid":{"rendered":"http:\/\/localhost\/primariapatrauti\/?page_id=1151"},"modified":"2023-10-24T08:38:51","modified_gmt":"2023-10-24T08:38:51","slug":"biserica-sfanta-cruce","status":"publish","type":"page","link":"https:\/\/site.vechi.primariapatrautisv.ro\/?page_id=1151","title":{"rendered":"Biserica Sf\u00e2nta Cruce"},"content":{"rendered":"\t\t<div data-elementor-type=\"wp-page\" data-elementor-id=\"1151\" class=\"elementor elementor-1151\">\n\t\t\t\t<div class=\"elementor-element elementor-element-c7f4584 e-flex e-con-boxed e-con e-parent\" data-id=\"c7f4584\" data-element_type=\"container\">\n\t\t\t\t\t<div class=\"e-con-inner\">\n\t\t\t\t<div class=\"elementor-element elementor-element-fbc6fa6 elementor-widget elementor-widget-heading\" data-id=\"fbc6fa6\" data-element_type=\"widget\" data-widget_type=\"heading.default\">\n\t\t\t\t<div class=\"elementor-widget-container\">\n\t\t\t\t\t<h4 class=\"elementor-heading-title elementor-size-default\">Galerie foto<\/h4>\t\t\t\t<\/div>\n\t\t\t\t<\/div>\n\t\t\t\t<div class=\"elementor-element elementor-element-fc44cd3 elementor-widget-divider--view-line elementor-widget elementor-widget-divider\" data-id=\"fc44cd3\" data-element_type=\"widget\" data-widget_type=\"divider.default\">\n\t\t\t\t<div class=\"elementor-widget-container\">\n\t\t\t\t\t\t\t<div class=\"elementor-divider\">\n\t\t\t<span class=\"elementor-divider-separator\">\n\t\t\t\t\t\t<\/span>\n\t\t<\/div>\n\t\t\t\t\t\t<\/div>\n\t\t\t\t<\/div>\n\t\t\t\t<div class=\"elementor-element elementor-element-59414b1 gallery-spacing-custom elementor-widget__width-initial elementor-widget elementor-widget-image-gallery\" data-id=\"59414b1\" data-element_type=\"widget\" data-widget_type=\"image-gallery.default\">\n\t\t\t\t<div class=\"elementor-widget-container\">\n\t\t\t\t\t\t\t<div class=\"elementor-image-gallery\">\n\t\t\t<div id='gallery-1' class='gallery galleryid-1151 gallery-columns-4 gallery-size-medium'><figure class='gallery-item'>\n\t\t\t<div class='gallery-icon landscape'>\n\t\t\t\t<a data-elementor-open-lightbox=\"yes\" data-elementor-lightbox-slideshow=\"59414b1\" data-elementor-lightbox-title=\"Biseric\u0103 Comuna P\u0103tr\u0103u\u021bi\" data-e-action-hash=\"#elementor-action%3Aaction%3Dlightbox%26settings%3DeyJpZCI6MTE1NCwidXJsIjoiaHR0cHM6XC9cL3NpdGUudmVjaGkucHJpbWFyaWFwYXRyYXV0aXN2LnJvXC93cC1jb250ZW50XC91cGxvYWRzXC8yMDIzXC8xMFwvYmlzZXJpY2ExLmpwZyIsInNsaWRlc2hvdyI6IjU5NDE0YjEifQ%3D%3D\" href='https:\/\/site.vechi.primariapatrautisv.ro\/wp-content\/uploads\/2023\/10\/biserica1.jpg'><img fetchpriority=\"high\" decoding=\"async\" width=\"293\" height=\"195\" src=\"https:\/\/site.vechi.primariapatrautisv.ro\/wp-content\/uploads\/2023\/10\/biserica1.jpg\" class=\"attachment-medium size-medium\" alt=\"\" \/><\/a>\n\t\t\t<\/div><\/figure><figure class='gallery-item'>\n\t\t\t<div class='gallery-icon landscape'>\n\t\t\t\t<a data-elementor-open-lightbox=\"yes\" data-elementor-lightbox-slideshow=\"59414b1\" data-elementor-lightbox-title=\"Biseric\u0103 Comuna P\u0103tr\u0103u\u021bi\" data-e-action-hash=\"#elementor-action%3Aaction%3Dlightbox%26settings%3DeyJpZCI6MTE1NSwidXJsIjoiaHR0cHM6XC9cL3NpdGUudmVjaGkucHJpbWFyaWFwYXRyYXV0aXN2LnJvXC93cC1jb250ZW50XC91cGxvYWRzXC8yMDIzXC8xMFwvYmlzZXJpY2EyLmpwZyIsInNsaWRlc2hvdyI6IjU5NDE0YjEifQ%3D%3D\" href='https:\/\/site.vechi.primariapatrautisv.ro\/wp-content\/uploads\/2023\/10\/biserica2.jpg'><img decoding=\"async\" width=\"293\" height=\"195\" src=\"https:\/\/site.vechi.primariapatrautisv.ro\/wp-content\/uploads\/2023\/10\/biserica2.jpg\" class=\"attachment-medium size-medium\" alt=\"\" \/><\/a>\n\t\t\t<\/div><\/figure><figure class='gallery-item'>\n\t\t\t<div class='gallery-icon landscape'>\n\t\t\t\t<a data-elementor-open-lightbox=\"yes\" data-elementor-lightbox-slideshow=\"59414b1\" data-elementor-lightbox-title=\"Biseric\u0103 Comuna P\u0103tr\u0103u\u021bi\" data-e-action-hash=\"#elementor-action%3Aaction%3Dlightbox%26settings%3DeyJpZCI6MTE1NiwidXJsIjoiaHR0cHM6XC9cL3NpdGUudmVjaGkucHJpbWFyaWFwYXRyYXV0aXN2LnJvXC93cC1jb250ZW50XC91cGxvYWRzXC8yMDIzXC8xMFwvYmlzZXJpY2EzLmpwZyIsInNsaWRlc2hvdyI6IjU5NDE0YjEifQ%3D%3D\" href='https:\/\/site.vechi.primariapatrautisv.ro\/wp-content\/uploads\/2023\/10\/biserica3.jpg'><img decoding=\"async\" width=\"293\" height=\"195\" src=\"https:\/\/site.vechi.primariapatrautisv.ro\/wp-content\/uploads\/2023\/10\/biserica3.jpg\" class=\"attachment-medium size-medium\" alt=\"\" \/><\/a>\n\t\t\t<\/div><\/figure><figure class='gallery-item'>\n\t\t\t<div class='gallery-icon landscape'>\n\t\t\t\t<a data-elementor-open-lightbox=\"yes\" data-elementor-lightbox-slideshow=\"59414b1\" data-elementor-lightbox-title=\"Biseric\u0103 Comuna P\u0103tr\u0103u\u021bi\" data-e-action-hash=\"#elementor-action%3Aaction%3Dlightbox%26settings%3DeyJpZCI6MTE1NywidXJsIjoiaHR0cHM6XC9cL3NpdGUudmVjaGkucHJpbWFyaWFwYXRyYXV0aXN2LnJvXC93cC1jb250ZW50XC91cGxvYWRzXC8yMDIzXC8xMFwvYmlzZXJpY2E0LmpwZyIsInNsaWRlc2hvdyI6IjU5NDE0YjEifQ%3D%3D\" href='https:\/\/site.vechi.primariapatrautisv.ro\/wp-content\/uploads\/2023\/10\/biserica4.jpg'><img loading=\"lazy\" decoding=\"async\" width=\"293\" height=\"195\" src=\"https:\/\/site.vechi.primariapatrautisv.ro\/wp-content\/uploads\/2023\/10\/biserica4.jpg\" class=\"attachment-medium size-medium\" alt=\"\" \/><\/a>\n\t\t\t<\/div><\/figure><figure class='gallery-item'>\n\t\t\t<div class='gallery-icon landscape'>\n\t\t\t\t<a data-elementor-open-lightbox=\"yes\" data-elementor-lightbox-slideshow=\"59414b1\" data-elementor-lightbox-title=\"Biseric\u0103 Comuna P\u0103tr\u0103u\u021bi\" data-e-action-hash=\"#elementor-action%3Aaction%3Dlightbox%26settings%3DeyJpZCI6MTE1OCwidXJsIjoiaHR0cHM6XC9cL3NpdGUudmVjaGkucHJpbWFyaWFwYXRyYXV0aXN2LnJvXC93cC1jb250ZW50XC91cGxvYWRzXC8yMDIzXC8xMFwvYmlzZXJpY2E1LmpwZyIsInNsaWRlc2hvdyI6IjU5NDE0YjEifQ%3D%3D\" href='https:\/\/site.vechi.primariapatrautisv.ro\/wp-content\/uploads\/2023\/10\/biserica5.jpg'><img loading=\"lazy\" decoding=\"async\" width=\"293\" height=\"195\" src=\"https:\/\/site.vechi.primariapatrautisv.ro\/wp-content\/uploads\/2023\/10\/biserica5.jpg\" class=\"attachment-medium size-medium\" alt=\"\" \/><\/a>\n\t\t\t<\/div><\/figure><figure class='gallery-item'>\n\t\t\t<div class='gallery-icon landscape'>\n\t\t\t\t<a data-elementor-open-lightbox=\"yes\" data-elementor-lightbox-slideshow=\"59414b1\" data-elementor-lightbox-title=\"Biseric\u0103 Comuna P\u0103tr\u0103u\u021bi\" data-e-action-hash=\"#elementor-action%3Aaction%3Dlightbox%26settings%3DeyJpZCI6MTE1OSwidXJsIjoiaHR0cHM6XC9cL3NpdGUudmVjaGkucHJpbWFyaWFwYXRyYXV0aXN2LnJvXC93cC1jb250ZW50XC91cGxvYWRzXC8yMDIzXC8xMFwvYmlzZXJpY2E2LmpwZyIsInNsaWRlc2hvdyI6IjU5NDE0YjEifQ%3D%3D\" href='https:\/\/site.vechi.primariapatrautisv.ro\/wp-content\/uploads\/2023\/10\/biserica6.jpg'><img loading=\"lazy\" decoding=\"async\" width=\"293\" height=\"195\" src=\"https:\/\/site.vechi.primariapatrautisv.ro\/wp-content\/uploads\/2023\/10\/biserica6.jpg\" class=\"attachment-medium size-medium\" alt=\"\" \/><\/a>\n\t\t\t<\/div><\/figure><figure class='gallery-item'>\n\t\t\t<div class='gallery-icon landscape'>\n\t\t\t\t<a data-elementor-open-lightbox=\"yes\" data-elementor-lightbox-slideshow=\"59414b1\" data-elementor-lightbox-title=\"Biseric\u0103 Comuna P\u0103tr\u0103u\u021bi\" data-e-action-hash=\"#elementor-action%3Aaction%3Dlightbox%26settings%3DeyJpZCI6MTE2MCwidXJsIjoiaHR0cHM6XC9cL3NpdGUudmVjaGkucHJpbWFyaWFwYXRyYXV0aXN2LnJvXC93cC1jb250ZW50XC91cGxvYWRzXC8yMDIzXC8xMFwvYmlzZXJpY2E3LmpwZyIsInNsaWRlc2hvdyI6IjU5NDE0YjEifQ%3D%3D\" href='https:\/\/site.vechi.primariapatrautisv.ro\/wp-content\/uploads\/2023\/10\/biserica7.jpg'><img loading=\"lazy\" decoding=\"async\" width=\"293\" height=\"195\" src=\"https:\/\/site.vechi.primariapatrautisv.ro\/wp-content\/uploads\/2023\/10\/biserica7.jpg\" class=\"attachment-medium size-medium\" alt=\"\" \/><\/a>\n\t\t\t<\/div><\/figure><figure class='gallery-item'>\n\t\t\t<div class='gallery-icon landscape'>\n\t\t\t\t<a data-elementor-open-lightbox=\"yes\" data-elementor-lightbox-slideshow=\"59414b1\" data-elementor-lightbox-title=\"Biseric\u0103 Comuna P\u0103tr\u0103u\u021bi\" data-e-action-hash=\"#elementor-action%3Aaction%3Dlightbox%26settings%3DeyJpZCI6MTE2MSwidXJsIjoiaHR0cHM6XC9cL3NpdGUudmVjaGkucHJpbWFyaWFwYXRyYXV0aXN2LnJvXC93cC1jb250ZW50XC91cGxvYWRzXC8yMDIzXC8xMFwvYmlzZXJpY2E4LmpwZyIsInNsaWRlc2hvdyI6IjU5NDE0YjEifQ%3D%3D\" href='https:\/\/site.vechi.primariapatrautisv.ro\/wp-content\/uploads\/2023\/10\/biserica8.jpg'><img loading=\"lazy\" decoding=\"async\" width=\"293\" height=\"195\" src=\"https:\/\/site.vechi.primariapatrautisv.ro\/wp-content\/uploads\/2023\/10\/biserica8.jpg\" class=\"attachment-medium size-medium\" alt=\"\" \/><\/a>\n\t\t\t<\/div><\/figure>\n\t\t<\/div>\n\t\t<\/div>\n\t\t\t\t\t\t<\/div>\n\t\t\t\t<\/div>\n\t\t\t\t\t<\/div>\n\t\t\t\t<\/div>\n\t\t<div class=\"elementor-element elementor-element-1d534b0 e-flex e-con-boxed e-con e-parent\" data-id=\"1d534b0\" data-element_type=\"container\">\n\t\t\t\t\t<div class=\"e-con-inner\">\n\t\t\t\t<div class=\"elementor-element elementor-element-0658614 elementor-widget elementor-widget-spacer\" data-id=\"0658614\" data-element_type=\"widget\" data-widget_type=\"spacer.default\">\n\t\t\t\t<div class=\"elementor-widget-container\">\n\t\t\t\t\t\t\t<div class=\"elementor-spacer\">\n\t\t\t<div class=\"elementor-spacer-inner\"><\/div>\n\t\t<\/div>\n\t\t\t\t\t\t<\/div>\n\t\t\t\t<\/div>\n\t\t\t\t<div class=\"elementor-element elementor-element-e3245ff elementor-widget elementor-widget-heading\" data-id=\"e3245ff\" data-element_type=\"widget\" data-widget_type=\"heading.default\">\n\t\t\t\t<div class=\"elementor-widget-container\">\n\t\t\t\t\t<h4 class=\"elementor-heading-title elementor-size-default\">Scurt istoric<\/h4>\t\t\t\t<\/div>\n\t\t\t\t<\/div>\n\t\t\t\t<div class=\"elementor-element elementor-element-1bcf61b elementor-widget-divider--view-line elementor-widget elementor-widget-divider\" data-id=\"1bcf61b\" data-element_type=\"widget\" data-widget_type=\"divider.default\">\n\t\t\t\t<div class=\"elementor-widget-container\">\n\t\t\t\t\t\t\t<div class=\"elementor-divider\">\n\t\t\t<span class=\"elementor-divider-separator\">\n\t\t\t\t\t\t<\/span>\n\t\t<\/div>\n\t\t\t\t\t\t<\/div>\n\t\t\t\t<\/div>\n\t\t\t\t<div class=\"elementor-element elementor-element-deecde5 elementor-widget elementor-widget-text-editor\" data-id=\"deecde5\" data-element_type=\"widget\" data-widget_type=\"text-editor.default\">\n\t\t\t\t<div class=\"elementor-widget-container\">\n\t\t\t\t\t\t\t\t\t<div>\u00a0 \u00a0 \u00a0 \u00a0 \u00a0 Biserica Patrauti este una dintre bijuteriile duhovnicesti si artistice ale Romaniei. Aceasta se afla in localitatea Patrauti, judetul Suceava, la mica distanta de Manastirea Dragomirna. Mergand dinspre Suceava spre Radauti, dupa aproximativ 10 kilometri, un indicator indica, spre dreapta, drumul spre Patrauti. Satul Patrauti apare in documente inca din vremea lui Alexandru cel Bun. Conform traditiei locale, satul a fost intemeiat in anul 1330, de un anume Patru.<\/div><div>\u00a0 \u00a0 \u00a0 \u00a0 \u00a0 Biserica Patrauti sau &#8222;Biserica Sfanta Cruce din Patrauti&#8221; a fost zidita in anul 1487, fiind prima ctitorie certa a Sfantului Stefan cel Mare. Piatra de temelie a manastirii din Patrauti (astazi este biserica) a fost pusa la data de 13 iunie 1487. Legat de ctitorii acesteia, tabloul votiv il infatisa pe domnitor si pe familia acestuia.<\/div><div><span style=\"font-size: 16px;\">\u00a0 \u00a0 \u00a0 \u00a0 \u00a0 Pisania bisericii, in limba slavona, aflata deasupra portalului de intrare, consemneaza: &#8222;Io Stefan Voievod, Domn al Tarii Moldovei, fiul lui Bogdan Voievod, a inceput sa zideasca aceasta Manastire in numele Sfintei Cruci in anul 6995 (1487) luna iunie ziua 13.&#8221;<\/span><\/div><div><div><div>\u00a0 \u00a0 \u00a0 \u00a0 \u00a0 Manastirea din Patrauti a fost intemeiata dupa lupa de la Scheia, pe Siret, pe careSfantul Stefan cel Mare a purtat-o impotriva ostilor unguresti conduse de Hroiot. Manastirea era destinata in special\u00a0ingrijirii ranitilor proveniti dupa luptele purtate in preajma Cetatii de Scaun a Sucevei.\u00a0Ingrijirea\u00a0bolnavilor si ranitilor se facea in Bolnita manastirii; acesta era un obicei intrat deja in acea\u00a0perioada in traditia manastirilor.<\/div><div><div><div>\u00a0 \u00a0 \u00a0 \u00a0 \u00a0 Din punct de vedere al proportiilor acesteia, biserica este cea mai redusa dintre ctitoriile domnitorului si singura destinata a fi manastire de maici, ca &#8222;lacas pentru ostasii raniti in razboaie&#8221;. Celelalte ctitorii stefaniene au avut, initial, obsti de calugari. Desi de mici dimensiuni, cladirea este foarte frumos proportionata, pictura interioara fiind\u00a0si ea deosebit de valoroasa.<\/div><div><div><div>\u00a0 \u00a0 \u00a0 \u00a0 \u00a0 Biserica Sfintei Cruci din Patrauti a fost construita din piatra bruta. Biserica face parte din categoria celor mai vechi constructii, ce inmanuncheaza elementele vechi si originale ale arhitecturii moldovenesti: un altar cu o singura absida, un naos cu doua abside laterale si cu turla, un pronaos\u00a0patrat.<\/div><div><div><div>\u00a0 \u00a0 \u00a0 \u00a0 \u00a0 Biserica a fost pictata, in mare parte, imediat dupa ce a fost zidita. Pictura exterioara a bisericii a fost realizata in anul 1550, astazi aceasta pastrandu-se in mare parte. Pictura exterioara se rezuma\u00a0la fragmente din &#8222;Judecata de Apoi&#8221;, realizata dupa anul 1550. Unele fresce din interiorul bisericii au fost pictate imediat dupa ce constructia a fost terminata, altele au fost pictate dupa zece ani, in\u00a0timpul ultimului deceniu al secolului al XV-lea.<\/div><\/div><\/div><\/div><\/div><\/div><\/div><\/div><\/div>\t\t\t\t\t\t\t\t<\/div>\n\t\t\t\t<\/div>\n\t\t\t\t<div class=\"elementor-element elementor-element-e48b201 elementor-widget elementor-widget-heading\" data-id=\"e48b201\" data-element_type=\"widget\" data-widget_type=\"heading.default\">\n\t\t\t\t<div class=\"elementor-widget-container\">\n\t\t\t\t\t<h4 class=\"elementor-heading-title elementor-size-default\">Localizare<\/h4>\t\t\t\t<\/div>\n\t\t\t\t<\/div>\n\t\t\t\t<div class=\"elementor-element elementor-element-c15356d elementor-widget-divider--view-line elementor-widget elementor-widget-divider\" data-id=\"c15356d\" data-element_type=\"widget\" data-widget_type=\"divider.default\">\n\t\t\t\t<div class=\"elementor-widget-container\">\n\t\t\t\t\t\t\t<div class=\"elementor-divider\">\n\t\t\t<span class=\"elementor-divider-separator\">\n\t\t\t\t\t\t<\/span>\n\t\t<\/div>\n\t\t\t\t\t\t<\/div>\n\t\t\t\t<\/div>\n\t\t\t\t<div class=\"elementor-element elementor-element-afb0231 elementor-widget elementor-widget-html\" data-id=\"afb0231\" data-element_type=\"widget\" data-widget_type=\"html.default\">\n\t\t\t\t<div class=\"elementor-widget-container\">\n\t\t\t\t\t<iframe src=\"https:\/\/www.google.com\/maps\/embed?pb=!1m14!1m8!1m3!1d85870.79298564605!2d26.19203472816271!3d47.73368462132634!3m2!1i1024!2i768!4f13.1!3m3!1m2!1s0x4734f883ecc2eed7%3A0x308c452097475e42!2zTcSDbsSDc3RpcmVhICLDjm7Eg2zIm2FyZWEgU2ZpbnRlaSBDcnVjaSI!5e0!3m2!1sro!2sus!4v1698136475556!5m2!1sro!2sus\" width=\"600\" height=\"450\" style=\"border:0;\" allowfullscreen=\"\" loading=\"lazy\" referrerpolicy=\"no-referrer-when-downgrade\"><\/iframe>\t\t\t\t<\/div>\n\t\t\t\t<\/div>\n\t\t\t\t\t<\/div>\n\t\t\t\t<\/div>\n\t\t\t\t<\/div>\n\t\t","protected":false},"excerpt":{"rendered":"<p>Galerie foto Scurt istoric \u00a0 \u00a0 \u00a0 \u00a0 \u00a0 Biserica Patrauti este una dintre bijuteriile duhovnicesti si artistice ale Romaniei. Aceasta se afla in localitatea Patrauti, judetul Suceava, la mica distanta de Manastirea Dragomirna. Mergand dinspre Suceava spre Radauti, dupa aproximativ 10 kilometri, un indicator indica, spre dreapta, drumul spre Patrauti. Satul Patrauti apare in &hellip;<\/p>\n<p class=\"read-more\"> <a class=\"\" href=\"https:\/\/site.vechi.primariapatrautisv.ro\/?page_id=1151\"> <span class=\"screen-reader-text\">Biserica Sf\u00e2nta Cruce<\/span> Read More &raquo;<\/a><\/p>\n","protected":false},"author":1,"featured_media":0,"parent":0,"menu_order":0,"comment_status":"closed","ping_status":"closed","template":"","meta":{"site-sidebar-layout":"no-sidebar","site-content-layout":"page-builder","ast-site-content-layout":"full-width-container","site-content-style":"default","site-sidebar-style":"default","ast-global-header-display":"","ast-banner-title-visibility":"","ast-main-header-display":"","ast-hfb-above-header-display":"","ast-hfb-below-header-display":"","ast-hfb-mobile-header-display":"","site-post-title":"disabled","ast-breadcrumbs-content":"","ast-featured-img":"disabled","footer-sml-layout":"","theme-transparent-header-meta":"","adv-header-id-meta":"","stick-header-meta":"","header-above-stick-meta":"","header-main-stick-meta":"","header-below-stick-meta":"","astra-migrate-meta-layouts":"set","footnotes":""},"class_list":["post-1151","page","type-page","status-publish","hentry"],"_links":{"self":[{"href":"https:\/\/site.vechi.primariapatrautisv.ro\/index.php?rest_route=\/wp\/v2\/pages\/1151","targetHints":{"allow":["GET"]}}],"collection":[{"href":"https:\/\/site.vechi.primariapatrautisv.ro\/index.php?rest_route=\/wp\/v2\/pages"}],"about":[{"href":"https:\/\/site.vechi.primariapatrautisv.ro\/index.php?rest_route=\/wp\/v2\/types\/page"}],"author":[{"embeddable":true,"href":"https:\/\/site.vechi.primariapatrautisv.ro\/index.php?rest_route=\/wp\/v2\/users\/1"}],"replies":[{"embeddable":true,"href":"https:\/\/site.vechi.primariapatrautisv.ro\/index.php?rest_route=%2Fwp%2Fv2%2Fcomments&post=1151"}],"version-history":[{"count":20,"href":"https:\/\/site.vechi.primariapatrautisv.ro\/index.php?rest_route=\/wp\/v2\/pages\/1151\/revisions"}],"predecessor-version":[{"id":1960,"href":"https:\/\/site.vechi.primariapatrautisv.ro\/index.php?rest_route=\/wp\/v2\/pages\/1151\/revisions\/1960"}],"wp:attachment":[{"href":"https:\/\/site.vechi.primariapatrautisv.ro\/index.php?rest_route=%2Fwp%2Fv2%2Fmedia&parent=1151"}],"curies":[{"name":"wp","href":"https:\/\/api.w.org\/{rel}","templated":true}]}}